{"id":1029,"date":"2018-06-12T11:11:03","date_gmt":"2018-06-12T09:11:03","guid":{"rendered":"https:\/\/poe.pravo.upjs.sk\/?page_id=1029"},"modified":"2025-04-02T12:49:11","modified_gmt":"2025-04-02T10:49:11","slug":"vyhlasenie-k-publikacnej-etike-zbornika","status":"publish","type":"page","link":"https:\/\/poe.pravo.upjs.sk\/?page_id=1029","title":{"rendered":"Vyhl\u00e1senie k publika\u010dnej etike zborn\u00edka"},"content":{"rendered":"<div class=\"wpb-content-wrapper\"><p>[vc_row][vc_column][vc_column_text css=&#8220;&#8220;]<strong>Zborn\u00edk vedeck\u00fdch pr\u00e1c Pr\u00e1vo \u2013 obchod \u2013 ekonomika<\/strong> je periodicky vyd\u00e1van\u00fd zborn\u00edk, ktor\u00fd sa vyd\u00e1va ka\u017edoro\u010dne pri pr\u00edle\u017eitosti konania vedeck\u00e9ho <strong>medzin\u00e1rodn\u00e9ho symp\u00f3zia Pr\u00e1vo \u2013 obchod \u2013 ekonomika.<\/strong> V\u0161etky pr\u00edspevky obsahuj\u00fa nielen rie\u0161enie aktu\u00e1lnych ot\u00e1zok v intenci\u00e1ch de lege lata, ale autori jednotliv\u00fdch pr\u00edspevkov neopom\u00ednaj\u00fa do nich zahrn\u00fa\u0165 aj \u00favahy a n\u00e1vrhy de lege ferenda tak <strong>v r\u00e1mci n\u00e1rodnej, ako aj medzin\u00e1rodnej \u00farovni.<\/strong> Je potrebn\u00e9 vyzdvihn\u00fa\u0165 aj <strong>medzin\u00e1rodn\u00fd prvok zborn\u00edka Pr\u00e1vo \u2013 obchod \u2013 ekonomika<\/strong> z d\u00f4vodu, \u017ee autormi pr\u00edspevkov nie s\u00fa len z\u00e1stupcovia slovenskej akademickej obce a aplika\u010dnej praxe, ale aj medzin\u00e1rodnej, \u010d\u00edm doch\u00e1dza k ozna\u010deniu vedeck\u00e9ho symp\u00f3zia ako medzin\u00e1rodn\u00e9.<\/p>\n<p>Vedeck\u00fd v\u00fdbor symp\u00f3zia, ako aj vydavatelia zborn\u00edka Pr\u00e1vo \u2013 obchod \u2013 ekonomika si uvedomuj\u00fa <strong>potrebu integrity vedeck\u00fdch publik\u00e1ci\u00ed<\/strong> a<strong> potrebu dodr\u017eiavania etick\u00fdch krit\u00e9ri\u00ed<\/strong> pri vedeckom b\u00e1dan\u00ed a publikovan\u00ed. Vedeck\u00fd v\u00fdbor symp\u00f3zia a vydavatelia dbaj\u00fa na to, aby v zborn\u00edku Pr\u00e1vo \u2013 obchod \u2013 ekonomika boli uverej\u0148ovan\u00e9 <strong>p\u00f4vodn\u00e9 vedeck\u00e9 pr\u00e1ce,<\/strong> pri\u010dom v r\u00e1mci svojej \u010dinnosti prij\u00edma opatrenia na predch\u00e1dzanie plagi\u00e1torstvu, a to aj prostredn\u00edctvom <strong>\u0161tandardn\u00e9ho recenzn\u00e9ho konania zalo\u017een\u00e9ho na princ\u00edpe \u201edouble-blind peer review\u201c.<\/strong> Z\u00e1rove\u0148 v\u0161ak umo\u017e\u0148uje slobodu vedeck\u00e9ho vyjadrovania a vedeck\u00fa diskusiu.<\/p>\n<p><strong>Vydavatelia zborn\u00edka Pr\u00e1vo \u2013 obchod \u2013 ekonomika sa preto v plnom rozsahu stoto\u017e\u0148uj\u00fa s princ\u00edpmi publika\u010dnej etiky deklarovan\u00fdmi a publikovan\u00fdmi na str\u00e1nkach Committee on Publication Ethics.<\/strong><\/p>\n<p>Obsah zborn\u00edka je autorom\/u\u017e\u00edvate\u013eom k dispoz\u00edci\u00ed za podmienok <strong>licencie creative commons Attribution-NonCommercial-NoDerivatives 4.0 International (CC BY-NC-ND 4.0).<\/strong><\/p>\n<p><img loading=\"lazy\" decoding=\"async\" class=\"alignnone size-full wp-image-1619\" src=\"https:\/\/poe.pravo.upjs.sk\/wp-content\/uploads\/2025\/04\/licencia.jpg\" alt=\"\" width=\"268\" height=\"107\" srcset=\"https:\/\/poe.pravo.upjs.sk\/wp-content\/uploads\/2025\/04\/licencia.jpg 268w, https:\/\/poe.pravo.upjs.sk\/wp-content\/uploads\/2025\/04\/licencia-150x60.jpg 150w\" sizes=\"auto, (max-width: 268px) 100vw, 268px\" \/>[\/vc_column_text][\/vc_column][\/vc_row]<\/p>\n<\/div>","protected":false},"excerpt":{"rendered":"<p>[vc_row][vc_column][vc_column_text css=&#8220;&#8220;]Zborn\u00edk vedeck\u00fdch pr\u00e1c Pr\u00e1vo \u2013 obchod \u2013 ekonomika je periodicky vyd\u00e1van\u00fd zborn\u00edk, ktor\u00fd sa vyd\u00e1va ka\u017edoro\u010dne pri pr\u00edle\u017eitosti konania vedeck\u00e9ho medzin\u00e1rodn\u00e9ho symp\u00f3zia Pr\u00e1vo \u2013 obchod \u2013 ekonomika. V\u0161etky pr\u00edspevky obsahuj\u00fa nielen rie\u0161enie aktu\u00e1lnych ot\u00e1zok v intenci\u00e1ch de lege lata, ale autori jednotliv\u00fdch pr\u00edspevkov neopom\u00ednaj\u00fa do nich zahrn\u00fa\u0165 aj \u00favahy a n\u00e1vrhy de lege ferenda &hellip; <\/p>\n","protected":false},"author":1,"featured_media":0,"parent":0,"menu_order":0,"comment_status":"closed","ping_status":"closed","template":"","meta":{"footnotes":""},"class_list":["post-1029","page","type-page","status-publish","hentry"],"_links":{"self":[{"href":"https:\/\/poe.pravo.upjs.sk\/index.php?rest_route=\/wp\/v2\/pages\/1029","targetHints":{"allow":["GET"]}}],"collection":[{"href":"https:\/\/poe.pravo.upjs.sk\/index.php?rest_route=\/wp\/v2\/pages"}],"about":[{"href":"https:\/\/poe.pravo.upjs.sk\/index.php?rest_route=\/wp\/v2\/types\/page"}],"author":[{"embeddable":true,"href":"https:\/\/poe.pravo.upjs.sk\/index.php?rest_route=\/wp\/v2\/users\/1"}],"replies":[{"embeddable":true,"href":"https:\/\/poe.pravo.upjs.sk\/index.php?rest_route=%2Fwp%2Fv2%2Fcomments&post=1029"}],"version-history":[{"count":7,"href":"https:\/\/poe.pravo.upjs.sk\/index.php?rest_route=\/wp\/v2\/pages\/1029\/revisions"}],"predecessor-version":[{"id":1620,"href":"https:\/\/poe.pravo.upjs.sk\/index.php?rest_route=\/wp\/v2\/pages\/1029\/revisions\/1620"}],"wp:attachment":[{"href":"https:\/\/poe.pravo.upjs.sk\/index.php?rest_route=%2Fwp%2Fv2%2Fmedia&parent=1029"}],"curies":[{"name":"wp","href":"https:\/\/api.w.org\/{rel}","templated":true}]}}