{"id":137,"date":"2015-07-31T19:29:58","date_gmt":"2015-07-31T19:29:58","guid":{"rendered":"http:\/\/bunch.asiandevelopers.com\/wp\/meeton\/?page_id=137"},"modified":"2026-04-07T08:13:30","modified_gmt":"2026-04-07T06:13:30","slug":"ticket","status":"publish","type":"page","link":"https:\/\/poe.pravo.upjs.sk\/?page_id=137","title":{"rendered":"Poplatky"},"content":{"rendered":"<div class=\"wpb-content-wrapper\"><p>[vc_row][vc_column][vc_column_text css=&#8220;&#8220;]Vyberte si pros\u00edm z nasleduj\u00facich poplatkov pod\u013ea Va\u0161ej particip\u00e1cie na konferencii.<\/p>\n<p><strong>Akt\u00edvna \u00fa\u010das\u0165 &#8211; 200 \u20ac<\/strong><\/p>\n<ul>\n<li>pracovn\u00e9 materi\u00e1ly,<\/li>\n<li>zborn\u00edk,<\/li>\n<li>ob\u010derstvenie,<\/li>\n<li>raut 14.10. 2026,<\/li>\n<li>obed a ve\u010dera 15.10. 2026.<\/li>\n<\/ul>\n<p><strong>Pas\u00edvna \u00fa\u010das\u0165 &#8211; 150 \u20ac<\/strong><\/p>\n<ul>\n<li>pracovn\u00e9 materi\u00e1ly,<\/li>\n<li>ob\u010derstvenie,<\/li>\n<li>raut 14.10. 20265,<\/li>\n<li>obed a ve\u010dera 15.10. 2026.<\/li>\n<\/ul>\n<p><strong>Sprev\u00e1dzaj\u00faca osoba &#8211; 120 \u20ac<\/strong><\/p>\n<ul>\n<li>raut 14.10. 2026,<\/li>\n<li>obed a ve\u010dera 15.10. 2026.<\/li>\n<\/ul>\n<p>[vc_message message_box_style=&#8220;outline&#8220; message_box_color=&#8220;warning&#8220; icon_fontawesome=&#8220;fa fa-exclamation-circle&#8220;]<\/p>\n<ul>\n<li><strong>Do textu (resp. do pozn\u00e1mky) uve\u010fte svoje meno!<\/strong><\/li>\n<li>V pr\u00edpade ne\u00fa\u010dasti na symp\u00f3ziu sa konferen\u010dn\u00fd poplatok nevracia<\/li>\n<li>Fakt\u00fary bud\u00fa vystavovan\u00e9 hromadne v\u0161etk\u00fdm \u00fa\u010dastn\u00edkom symp\u00f3zia, a to a\u017e po uhraden\u00ed konferen\u010dn\u00e9ho poplatku.<\/li>\n<li>\u00da\u010dastn\u00edkom bud\u00fa fakt\u00fary odovzd\u00e1van\u00e9 priamo na symp\u00f3ziu, resp. odoslan\u00e9 po konan\u00ed symp\u00f3zia.<\/li>\n<\/ul>\n<p>[\/vc_message][vc_message color=&#8220;info&#8220; message_box_style=&#8220;solid&#8220;]<strong>Term\u00edn \u00fahrady konferen\u010dn\u00e9ho poplatku:<\/strong> najnesk\u00f4r do 02.10. 2026.<br \/>\n<strong>Pr\u00edjemca:<\/strong> Univerzita P. J. \u0160af\u00e1rika, Pr\u00e1vnick\u00e1 fakulta, Kov\u00e1\u010dska 26, 040 75 Ko\u0161ice, Slovensko<br \/>\n<strong>N\u00e1zov banky:<\/strong> \u0160t\u00e1tna pokladnica, Radlinsk\u00e9ho 32, 810 05 Bratislava 15, Slovensko<br \/>\n<strong>IBAN:<\/strong>\u00a0SK69 8180 0000 0070 0007 8432,\u00a0<strong>Variabiln\u00fd symbol:<\/strong>\u00a01601,\u00a0<strong>Kon\u0161tantn\u00fd symbol:<\/strong>\u00a00308<br \/>\n<strong>SWIFT<\/strong>: SPSRSKBA[\/vc_message][\/vc_column_text][\/vc_column][\/vc_row]<\/p>\n<\/div>","protected":false},"excerpt":{"rendered":"<p>[vc_row][vc_column][vc_column_text css=&#8220;&#8220;]Vyberte si pros\u00edm z nasleduj\u00facich poplatkov pod\u013ea Va\u0161ej particip\u00e1cie na konferencii. Akt\u00edvna \u00fa\u010das\u0165 &#8211; 200 \u20ac pracovn\u00e9 materi\u00e1ly, zborn\u00edk, ob\u010derstvenie, raut 14.10. 2026, obed a ve\u010dera 15.10. 2026. Pas\u00edvna \u00fa\u010das\u0165 &#8211; 150 \u20ac pracovn\u00e9 materi\u00e1ly, ob\u010derstvenie, raut 14.10. 20265, obed a ve\u010dera 15.10. 2026. Sprev\u00e1dzaj\u00faca osoba &#8211; 120 \u20ac raut 14.10. 2026, obed a &hellip; <\/p>\n","protected":false},"author":1,"featured_media":0,"parent":0,"menu_order":0,"comment_status":"closed","ping_status":"closed","template":"","meta":{"footnotes":""},"class_list":["post-137","page","type-page","status-publish","hentry"],"_links":{"self":[{"href":"https:\/\/poe.pravo.upjs.sk\/index.php?rest_route=\/wp\/v2\/pages\/137","targetHints":{"allow":["GET"]}}],"collection":[{"href":"https:\/\/poe.pravo.upjs.sk\/index.php?rest_route=\/wp\/v2\/pages"}],"about":[{"href":"https:\/\/poe.pravo.upjs.sk\/index.php?rest_route=\/wp\/v2\/types\/page"}],"author":[{"embeddable":true,"href":"https:\/\/poe.pravo.upjs.sk\/index.php?rest_route=\/wp\/v2\/users\/1"}],"replies":[{"embeddable":true,"href":"https:\/\/poe.pravo.upjs.sk\/index.php?rest_route=%2Fwp%2Fv2%2Fcomments&post=137"}],"version-history":[{"count":32,"href":"https:\/\/poe.pravo.upjs.sk\/index.php?rest_route=\/wp\/v2\/pages\/137\/revisions"}],"predecessor-version":[{"id":1734,"href":"https:\/\/poe.pravo.upjs.sk\/index.php?rest_route=\/wp\/v2\/pages\/137\/revisions\/1734"}],"wp:attachment":[{"href":"https:\/\/poe.pravo.upjs.sk\/index.php?rest_route=%2Fwp%2Fv2%2Fmedia&parent=137"}],"curies":[{"name":"wp","href":"https:\/\/api.w.org\/{rel}","templated":true}]}}