{"id":621,"date":"2017-04-26T16:47:24","date_gmt":"2017-04-26T16:47:24","guid":{"rendered":"https:\/\/poe.pravo.upjs.sk\/?page_id=621"},"modified":"2026-04-07T07:52:59","modified_gmt":"2026-04-07T05:52:59","slug":"dolezite-terminy","status":"publish","type":"page","link":"https:\/\/poe.pravo.upjs.sk\/?page_id=621","title":{"rendered":"D\u00f4le\u017eit\u00e9 term\u00edny"},"content":{"rendered":"<div class=\"wpb-content-wrapper\"><p>[vc_row][vc_column][vc_column_text css=&#8220;&#8220;]<strong>31.08. 2026 <\/strong>&#8211; registr\u00e1cia \u00fa\u010dastn\u00edkov <strong>s akt\u00edvnou \u00fa\u010das\u0165ou a s povinn\u00fdm zaslan\u00edm abstraktu\u00a0 pr\u00edspevku<\/strong><\/p>\n<p><strong>30.09. 2026<\/strong> &#8211; zaslanie pr\u00edspevkov do recenzn\u00e9ho konania<\/p>\n<p><strong>02.10. 2026 <\/strong>&#8211; registr\u00e1cia \u00fa\u010dastn\u00edkov<strong> s pas\u00edvnou \u00fa\u010das\u0165ou\/\u00fahrada<\/strong> konferen\u010dn\u00e9ho poplatku<\/p>\n<p><strong>14.10. &#8211; 16.10.2026<\/strong>\u00a0 &#8211; medzin\u00e1rodn\u00e9 symp\u00f3zium<\/p>\n<p><strong>December 2026<\/strong> &#8211; publikovanie zborn\u00edka<\/p>\n<p>&nbsp;<\/p>\n<p>[\/vc_column_text][\/vc_column][\/vc_row]<\/p>\n<\/div>","protected":false},"excerpt":{"rendered":"<p>[vc_row][vc_column][vc_column_text css=&#8220;&#8220;]31.08. 2026 &#8211; registr\u00e1cia \u00fa\u010dastn\u00edkov s akt\u00edvnou \u00fa\u010das\u0165ou a s povinn\u00fdm zaslan\u00edm abstraktu\u00a0 pr\u00edspevku 30.09. 2026 &#8211; zaslanie pr\u00edspevkov do recenzn\u00e9ho konania 02.10. 2026 &#8211; registr\u00e1cia \u00fa\u010dastn\u00edkov s pas\u00edvnou \u00fa\u010das\u0165ou\/\u00fahrada konferen\u010dn\u00e9ho poplatku 14.10. &#8211; 16.10.2026\u00a0 &#8211; medzin\u00e1rodn\u00e9 symp\u00f3zium December 2026 &#8211; publikovanie zborn\u00edka &nbsp; [\/vc_column_text][\/vc_column][\/vc_row]<\/p>\n","protected":false},"author":1,"featured_media":0,"parent":0,"menu_order":0,"comment_status":"closed","ping_status":"closed","template":"","meta":{"footnotes":""},"class_list":["post-621","page","type-page","status-publish","hentry"],"_links":{"self":[{"href":"https:\/\/poe.pravo.upjs.sk\/index.php?rest_route=\/wp\/v2\/pages\/621","targetHints":{"allow":["GET"]}}],"collection":[{"href":"https:\/\/poe.pravo.upjs.sk\/index.php?rest_route=\/wp\/v2\/pages"}],"about":[{"href":"https:\/\/poe.pravo.upjs.sk\/index.php?rest_route=\/wp\/v2\/types\/page"}],"author":[{"embeddable":true,"href":"https:\/\/poe.pravo.upjs.sk\/index.php?rest_route=\/wp\/v2\/users\/1"}],"replies":[{"embeddable":true,"href":"https:\/\/poe.pravo.upjs.sk\/index.php?rest_route=%2Fwp%2Fv2%2Fcomments&post=621"}],"version-history":[{"count":26,"href":"https:\/\/poe.pravo.upjs.sk\/index.php?rest_route=\/wp\/v2\/pages\/621\/revisions"}],"predecessor-version":[{"id":1722,"href":"https:\/\/poe.pravo.upjs.sk\/index.php?rest_route=\/wp\/v2\/pages\/621\/revisions\/1722"}],"wp:attachment":[{"href":"https:\/\/poe.pravo.upjs.sk\/index.php?rest_route=%2Fwp%2Fv2%2Fmedia&parent=621"}],"curies":[{"name":"wp","href":"https:\/\/api.w.org\/{rel}","templated":true}]}}