{"id":711,"date":"2017-04-30T11:10:36","date_gmt":"2017-04-30T09:10:36","guid":{"rendered":"https:\/\/poe.pravo.upjs.sk\/?page_id=711"},"modified":"2025-06-06T10:14:58","modified_gmt":"2025-06-06T08:14:58","slug":"podmienky-publikovania-prispevkov","status":"publish","type":"page","link":"https:\/\/poe.pravo.upjs.sk\/?page_id=711","title":{"rendered":"Podmienky publikovania pr\u00edspevkov"},"content":{"rendered":"<div class=\"wpb-content-wrapper\"><p>[vc_row][vc_column][vc_column_text css_animation=&#8220;bounceInLeft&#8220; css=&#8220;&#8220;]Pr\u00edspevky je potrebn\u00e9 odovzd\u00e1va\u0165 pod\u013ea prilo\u017een\u00e9ho vzoru a dodr\u017ea\u0165 tam uveden\u00e9 pokyny.<\/p>\n<p>Pr\u00edspevky je mo\u017en\u00e9 zasiela\u0165 na e-mailov\u00fa adresu\u00a0<a href=\"http:\/\/pravf-konf.poe@upjs.sk\/\">pravf-konf.poe@upjs.sk.\u00a0<\/a>Do predmetu spr\u00e1vy pros\u00edm uve\u010fte <strong>POE2025-pr\u00edspevok<\/strong>.<\/p>\n<p>Organiz\u00e1tori si vyhradzuj\u00fa pr\u00e1vo nezaradi\u0165 do zborn\u00edku pr\u00edspevok, ktor\u00fd:<\/p>\n<ul>\n<li>nebude re\u0161pektova\u0165 pokyny uveden\u00e9 vo vzore,<\/li>\n<li>nebude s\u00favisie\u0165 s t\u00e9mou konferencie,<\/li>\n<li>nebude odpor\u00fa\u010dan\u00fd na publikovanie recenzentmi,<\/li>\n<li>bude zaslan\u00fd po stanovenom term\u00edne alebo<\/li>\n<li>obsahovo nebude nap\u013a\u0148a\u0165 krit\u00e9ri\u00e1 kladen\u00e9 na p\u00f4vodn\u00fa vedeck\u00fa pr\u00e1cu.<\/li>\n<\/ul>\n<p>&nbsp;<\/p>\n<p>Ak pr\u00edspevok zodpoved\u00e1 form\u00e1lnym a \u0161truktur\u00e1lnym n\u00e1le\u017eitostiam uveden\u00fdm v t\u00fdchto podmienkach, bude predlo\u017een\u00fd minim\u00e1lne dvom recenzentom na pos\u00fadenie. Recenzn\u00e9 konanie prebieha na princ\u00edpe \u201edouble-blind peer review\u201c. Recenzn\u00e9 posudky bud\u00fa n\u00e1sledne predlo\u017een\u00e9 vedeck\u00e9mu v\u00fdboru symp\u00f3zia, ktor\u00fd rozhodne o uverejnen\u00ed alebo neuverejnen\u00ed pr\u00edspevku v zborn\u00edku. Vedeck\u00fd v\u00fdbor m\u00f4\u017ee rozhodn\u00fa\u0165 aj o podmienenom uverejnen\u00ed, t.j. \u017ee pr\u00edspevok sa uverejn\u00ed v pr\u00edpade, ak autor vykon\u00e1 \u00fapravu v pr\u00edspevku pod\u013ea recenzn\u00e9ho posudku.<\/p>\n<p>Tie pr\u00edspevky, ktor\u00e9 bud\u00fa vyhodnoten\u00e9 v r\u00e1mci recenzn\u00e9ho konania ako obzvl\u00e1\u0161\u0165 kvalitn\u00e9, bud\u00fa zaraden\u00e9 do <strong>recenzovan\u00e9ho zborn\u00edka pr\u00edspevkov<\/strong> z\u00a0vedeckej konferencie, ktor\u00fd organiz\u00e1tori konferencie post\u00fapia na zaradenie do datab\u00e1zy <strong>Web of Science <\/strong>a <strong>SCOPUS.<\/strong><\/p>\n<p>Autor zodpoved\u00e1 za to, \u017ee jeho pr\u00edspevok, alebo v s\u00favislosti s n\u00edm ned\u00f4jde k poru\u0161eniu autorsk\u00fdch pr\u00e1v in\u00fdch os\u00f4b, in\u00fdch pr\u00e1v du\u0161evn\u00e9ho vlastn\u00edctva, ako ani ned\u00f4jde k z\u00e1sahu do pr\u00e1v na ochranu osobnosti, resp. dobrej povesti in\u00fdch os\u00f4b. V pr\u00edpade, ak editorovi bude v d\u00f4sledku poru\u0161enia tejto povinnosti autora ulo\u017een\u00e1 sankcia, povinnos\u0165 n\u00e1hrady \u0161kody, resp. sp\u00f4soben\u00e1 in\u00e1 majetkov\u00e1 alebo nemajetkov\u00e1 ujma, autor bude povinn\u00fd nahradi\u0165 editorovi takto sp\u00f4soben\u00fa ujmu v celom rozsahu.<\/p>\n<p>Zborn\u00edk je zostavovan\u00fd, ako aj vyd\u00e1van\u00fd v\u00a0s\u00falade s\u00a0Vyhl\u00e1sen\u00edm o\u00a0publika\u010dnej etike.<\/p>\n<p>Obsah zborn\u00edka je autorom\/u\u017e\u00edvate\u013eom k dispoz\u00edci\u00ed za podmienok <strong>licencie creative commons Attribution-NonCommercial-NoDerivatives 4.0 International (CC BY-NC-ND 4.0).<\/strong>[\/vc_column_text][\/vc_column][\/vc_row][vc_row][vc_column][vc_btn title=&#8220;Stiahnu\u0165 vzor (SK)&#8220; style=&#8220;custom&#8220; custom_background=&#8220;#832a7c&#8220; custom_text=&#8220;#ffffff&#8220; i_type=&#8220;pixelicons&#8220; i_icon_pixelicons=&#8220;vc_pixel_icon vc_pixel_icon-document_word&#8220; css_animation=&#8220;bounceIn&#8220; css=&#8220;&#8220; add_icon=&#8220;true&#8220; link=&#8220;url:https%3A%2F%2Fpoe.pravo.upjs.sk%2Fwp-content%2Fdocuments%2Fsablona_SK_.docx|target:_blank&#8220;][vc_btn title=&#8220;Stiahnu\u0165 vzor (EN)&#8220; style=&#8220;custom&#8220; custom_background=&#8220;#832a7c&#8220; custom_text=&#8220;#ffffff&#8220; i_type=&#8220;pixelicons&#8220; i_icon_pixelicons=&#8220;vc_pixel_icon vc_pixel_icon-document_word&#8220; css_animation=&#8220;bounceIn&#8220; css=&#8220;&#8220; add_icon=&#8220;true&#8220; link=&#8220;url:https%3A%2F%2Fpoe.pravo.upjs.sk%2Fwp-content%2Fdocuments%2Ftemplate_EN.docx|target:_blank&#8220;][\/vc_column][\/vc_row][vc_row][vc_column width=&#8220;1\/2&#8243;][\/vc_column][\/vc_row]<\/p>\n<\/div>","protected":false},"excerpt":{"rendered":"<p>[vc_row][vc_column][vc_column_text css_animation=&#8220;bounceInLeft&#8220; css=&#8220;&#8220;]Pr\u00edspevky je potrebn\u00e9 odovzd\u00e1va\u0165 pod\u013ea prilo\u017een\u00e9ho vzoru a dodr\u017ea\u0165 tam uveden\u00e9 pokyny. Pr\u00edspevky je mo\u017en\u00e9 zasiela\u0165 na e-mailov\u00fa adresu\u00a0pravf-konf.poe@upjs.sk.\u00a0Do predmetu spr\u00e1vy pros\u00edm uve\u010fte POE2025-pr\u00edspevok. Organiz\u00e1tori si vyhradzuj\u00fa pr\u00e1vo nezaradi\u0165 do zborn\u00edku pr\u00edspevok, ktor\u00fd: nebude re\u0161pektova\u0165 pokyny uveden\u00e9 vo vzore, nebude s\u00favisie\u0165 s t\u00e9mou konferencie, nebude odpor\u00fa\u010dan\u00fd na publikovanie recenzentmi, bude zaslan\u00fd po stanovenom &hellip; <\/p>\n","protected":false},"author":1,"featured_media":0,"parent":0,"menu_order":0,"comment_status":"closed","ping_status":"closed","template":"","meta":{"footnotes":""},"class_list":["post-711","page","type-page","status-publish","hentry"],"_links":{"self":[{"href":"https:\/\/poe.pravo.upjs.sk\/index.php?rest_route=\/wp\/v2\/pages\/711","targetHints":{"allow":["GET"]}}],"collection":[{"href":"https:\/\/poe.pravo.upjs.sk\/index.php?rest_route=\/wp\/v2\/pages"}],"about":[{"href":"https:\/\/poe.pravo.upjs.sk\/index.php?rest_route=\/wp\/v2\/types\/page"}],"author":[{"embeddable":true,"href":"https:\/\/poe.pravo.upjs.sk\/index.php?rest_route=\/wp\/v2\/users\/1"}],"replies":[{"embeddable":true,"href":"https:\/\/poe.pravo.upjs.sk\/index.php?rest_route=%2Fwp%2Fv2%2Fcomments&post=711"}],"version-history":[{"count":26,"href":"https:\/\/poe.pravo.upjs.sk\/index.php?rest_route=\/wp\/v2\/pages\/711\/revisions"}],"predecessor-version":[{"id":1649,"href":"https:\/\/poe.pravo.upjs.sk\/index.php?rest_route=\/wp\/v2\/pages\/711\/revisions\/1649"}],"wp:attachment":[{"href":"https:\/\/poe.pravo.upjs.sk\/index.php?rest_route=%2Fwp%2Fv2%2Fmedia&parent=711"}],"curies":[{"name":"wp","href":"https:\/\/api.w.org\/{rel}","templated":true}]}}