{"id":833,"date":"2018-05-02T18:01:53","date_gmt":"2018-05-02T16:01:53","guid":{"rendered":"https:\/\/poe.pravo.upjs.sk\/?page_id=833"},"modified":"2023-10-26T12:57:11","modified_gmt":"2023-10-26T10:57:11","slug":"organisational-commitee","status":"publish","type":"page","link":"https:\/\/poe.pravo.upjs.sk\/?page_id=833&lang=en","title":{"rendered":"Organisational Commitee"},"content":{"rendered":"<div class=\"wpb-content-wrapper\"><p>[vc_row][vc_column][vc_column_text]<strong>Head of the Commitee: \u00a0<\/strong>\u00a0 doc. JUDr. Diana Tre\u0161\u010d\u00e1kov\u00e1, PhD., Pavol Jozef \u0160af\u00e1rik University in Ko\u0161ice, Faculty of Law<\/p>\n<p><strong>Members: \u00a0 \u00a0<\/strong><\/p>\n<ul>\n<li>JUDr. Laura Bach\u0148\u00e1kov\u00e1 R\u00f3zenfeldov\u00e1, PhD., UPJ\u0160 v Ko\u0161iciach, Pavol Jozef \u0160af\u00e1rik University in Ko\u0161ice, Faculty of Law<\/li>\n<li>Mgr. Simona Rudohradsk\u00e1, PhD., Pavol Jozef \u0160af\u00e1rik University in Ko\u0161ice, Faculty of Law<\/li>\n<li>JUDr. \u017dofia Mr\u00e1zov\u00e1 PhD., MCL, Pavol Jozef \u0160af\u00e1rik University in Ko\u0161ice, Faculty of Law<\/li>\n<li>doc. JUDr. RNDr. Pavol Sokol, PhD., Pavol Jozef \u0160af\u00e1rik University in Ko\u0161ice, Faculty of Science<\/li>\n<li>Ing. Aneta Gonosov\u00e1, UPJ\u0160 v Ko\u0161iciach, Pavol Jozef \u0160af\u00e1rik University in Ko\u0161ice, Faculty of Law<\/li>\n<\/ul>\n<p>[\/vc_column_text][\/vc_column][\/vc_row]<\/p>\n<\/div>","protected":false},"excerpt":{"rendered":"<p>[vc_row][vc_column][vc_column_text]Head of the Commitee: \u00a0\u00a0 doc. JUDr. Diana Tre\u0161\u010d\u00e1kov\u00e1, PhD., Pavol Jozef \u0160af\u00e1rik University in Ko\u0161ice, Faculty of Law Members: \u00a0 \u00a0 JUDr. Laura Bach\u0148\u00e1kov\u00e1 R\u00f3zenfeldov\u00e1, PhD., UPJ\u0160 v Ko\u0161iciach, Pavol Jozef \u0160af\u00e1rik University in Ko\u0161ice, Faculty of Law Mgr. Simona Rudohradsk\u00e1, PhD., Pavol Jozef \u0160af\u00e1rik University in Ko\u0161ice, Faculty of Law JUDr. \u017dofia Mr\u00e1zov\u00e1 &hellip; <\/p>\n","protected":false},"author":1,"featured_media":0,"parent":0,"menu_order":0,"comment_status":"closed","ping_status":"closed","template":"","meta":{"footnotes":""},"class_list":["post-833","page","type-page","status-publish","hentry"],"_links":{"self":[{"href":"https:\/\/poe.pravo.upjs.sk\/index.php?rest_route=\/wp\/v2\/pages\/833","targetHints":{"allow":["GET"]}}],"collection":[{"href":"https:\/\/poe.pravo.upjs.sk\/index.php?rest_route=\/wp\/v2\/pages"}],"about":[{"href":"https:\/\/poe.pravo.upjs.sk\/index.php?rest_route=\/wp\/v2\/types\/page"}],"author":[{"embeddable":true,"href":"https:\/\/poe.pravo.upjs.sk\/index.php?rest_route=\/wp\/v2\/users\/1"}],"replies":[{"embeddable":true,"href":"https:\/\/poe.pravo.upjs.sk\/index.php?rest_route=%2Fwp%2Fv2%2Fcomments&post=833"}],"version-history":[{"count":10,"href":"https:\/\/poe.pravo.upjs.sk\/index.php?rest_route=\/wp\/v2\/pages\/833\/revisions"}],"predecessor-version":[{"id":1445,"href":"https:\/\/poe.pravo.upjs.sk\/index.php?rest_route=\/wp\/v2\/pages\/833\/revisions\/1445"}],"wp:attachment":[{"href":"https:\/\/poe.pravo.upjs.sk\/index.php?rest_route=%2Fwp%2Fv2%2Fmedia&parent=833"}],"curies":[{"name":"wp","href":"https:\/\/api.w.org\/{rel}","templated":true}]}}